{"id":23,"date":"2022-04-08T16:54:02","date_gmt":"2022-04-08T14:54:02","guid":{"rendered":"http:\/\/ileauxenfants91.com\/?page_id=23"},"modified":"2023-09-27T15:24:03","modified_gmt":"2023-09-27T13:24:03","slug":"lassociation","status":"publish","type":"page","link":"http:\/\/ileauxenfants91.com\/","title":{"rendered":"L&rsquo;association"},"content":{"rendered":"","protected":false},"excerpt":{"rendered":"","protected":false},"author":1,"featured_media":0,"parent":0,"menu_order":0,"comment_status":"closed","ping_status":"closed","template":"","meta":{"footnotes":""},"class_list":["post-23","page","type-page","status-publish","hentry"],"yoast_head":"<!-- This site is optimized with the Yoast SEO plugin v21.2 - https:\/\/yoast.com\/wordpress\/plugins\/seo\/ -->\n<title>L&#039;association - L&#039;\u00eele aux Enfants<\/title>\n<meta name=\"description\" content=\"L&#039;association L&#039;\u00eele aux Enfants L&#039;\u00eele aux enfants est une cr\u00e8che parentale situ\u00e9e en Essonne (91) d\u00e9di\u00e9e aux communes de Briis-sous-Forges et Forges-les-bains.\" \/>\n<meta name=\"robots\" content=\"index, follow, max-snippet:-1, max-image-preview:large, max-video-preview:-1\" \/>\n<link rel=\"canonical\" href=\"https:\/\/ileauxenfants91.com\/\" \/>\n<meta property=\"og:locale\" content=\"fr_FR\" \/>\n<meta property=\"og:type\" content=\"article\" \/>\n<meta property=\"og:title\" content=\"L&#039;association - L&#039;\u00eele aux Enfants\" \/>\n<meta property=\"og:description\" content=\"L&#039;association L&#039;\u00eele aux Enfants L&#039;\u00eele aux enfants est une cr\u00e8che parentale situ\u00e9e en Essonne (91) d\u00e9di\u00e9e aux communes de Briis-sous-Forges et Forges-les-bains.\" \/>\n<meta property=\"og:url\" content=\"https:\/\/ileauxenfants91.com\/\" \/>\n<meta property=\"og:site_name\" content=\"L&#039;\u00eele aux Enfants\" \/>\n<meta property=\"article:modified_time\" content=\"2023-09-27T13:24:03+00:00\" \/>\n<meta name=\"twitter:card\" content=\"summary_large_image\" \/>\n<script type=\"application\/ld+json\" class=\"yoast-schema-graph\">{\"@context\":\"https:\/\/schema.org\",\"@graph\":[{\"@type\":\"WebPage\",\"@id\":\"https:\/\/ileauxenfants91.com\/\",\"url\":\"https:\/\/ileauxenfants91.com\/\",\"name\":\"L'association - L&#039;\u00eele aux Enfants\",\"isPartOf\":{\"@id\":\"https:\/\/ileauxenfants91.com\/#website\"},\"datePublished\":\"2022-04-08T14:54:02+00:00\",\"dateModified\":\"2023-09-27T13:24:03+00:00\",\"description\":\"L'association L&#039;\u00eele aux Enfants L'\u00eele aux enfants est une cr\u00e8che parentale situ\u00e9e en Essonne (91) d\u00e9di\u00e9e aux communes de Briis-sous-Forges et Forges-les-bains.\",\"breadcrumb\":{\"@id\":\"https:\/\/ileauxenfants91.com\/#breadcrumb\"},\"inLanguage\":\"fr-FR\",\"potentialAction\":[{\"@type\":\"ReadAction\",\"target\":[\"https:\/\/ileauxenfants91.com\/\"]}]},{\"@type\":\"BreadcrumbList\",\"@id\":\"https:\/\/ileauxenfants91.com\/#breadcrumb\",\"itemListElement\":[{\"@type\":\"ListItem\",\"position\":1,\"name\":\"Accueil\",\"item\":\"https:\/\/ileauxenfants91.com\/\"},{\"@type\":\"ListItem\",\"position\":2,\"name\":\"L&rsquo;association\"}]},{\"@type\":\"WebSite\",\"@id\":\"https:\/\/ileauxenfants91.com\/#website\",\"url\":\"https:\/\/ileauxenfants91.com\/\",\"name\":\"L&#039;\u00eele aux Enfants\",\"description\":\"Cr\u00e8che Parentale de Briis-sous-Forges et Forges-les-Bains en Essonne (91)\",\"publisher\":{\"@id\":\"https:\/\/ileauxenfants91.com\/#organization\"},\"potentialAction\":[{\"@type\":\"SearchAction\",\"target\":{\"@type\":\"EntryPoint\",\"urlTemplate\":\"https:\/\/ileauxenfants91.com\/?s={search_term_string}\"},\"query-input\":\"required name=search_term_string\"}],\"inLanguage\":\"fr-FR\"},{\"@type\":\"Organization\",\"@id\":\"https:\/\/ileauxenfants91.com\/#organization\",\"name\":\"L'\u00eele aux Enfants - Cr\u00e8che parentale\",\"url\":\"https:\/\/ileauxenfants91.com\/\",\"logo\":{\"@type\":\"ImageObject\",\"inLanguage\":\"fr-FR\",\"@id\":\"https:\/\/ileauxenfants91.com\/#\/schema\/logo\/image\/\",\"url\":\"http:\/\/ileauxenfants91.com\/wp-content\/uploads\/2022\/04\/cropped-logo_250x250-1.jpg\",\"contentUrl\":\"http:\/\/ileauxenfants91.com\/wp-content\/uploads\/2022\/04\/cropped-logo_250x250-1.jpg\",\"width\":250,\"height\":250,\"caption\":\"L'\u00eele aux Enfants - Cr\u00e8che parentale\"},\"image\":{\"@id\":\"https:\/\/ileauxenfants91.com\/#\/schema\/logo\/image\/\"}}]}<\/script>\n<!-- \/ Yoast SEO plugin. -->","yoast_head_json":{"title":"L'association - L&#039;\u00eele aux Enfants","description":"L'association L&#039;\u00eele aux Enfants L'\u00eele aux enfants est une cr\u00e8che parentale situ\u00e9e en Essonne (91) d\u00e9di\u00e9e aux communes de Briis-sous-Forges et Forges-les-bains.","robots":{"index":"index","follow":"follow","max-snippet":"max-snippet:-1","max-image-preview":"max-image-preview:large","max-video-preview":"max-video-preview:-1"},"canonical":"https:\/\/ileauxenfants91.com\/","og_locale":"fr_FR","og_type":"article","og_title":"L'association - L&#039;\u00eele aux Enfants","og_description":"L'association L&#039;\u00eele aux Enfants L'\u00eele aux enfants est une cr\u00e8che parentale situ\u00e9e en Essonne (91) d\u00e9di\u00e9e aux communes de Briis-sous-Forges et Forges-les-bains.","og_url":"https:\/\/ileauxenfants91.com\/","og_site_name":"L&#039;\u00eele aux Enfants","article_modified_time":"2023-09-27T13:24:03+00:00","twitter_card":"summary_large_image","schema":{"@context":"https:\/\/schema.org","@graph":[{"@type":"WebPage","@id":"https:\/\/ileauxenfants91.com\/","url":"https:\/\/ileauxenfants91.com\/","name":"L'association - L&#039;\u00eele aux Enfants","isPartOf":{"@id":"https:\/\/ileauxenfants91.com\/#website"},"datePublished":"2022-04-08T14:54:02+00:00","dateModified":"2023-09-27T13:24:03+00:00","description":"L'association L&#039;\u00eele aux Enfants L'\u00eele aux enfants est une cr\u00e8che parentale situ\u00e9e en Essonne (91) d\u00e9di\u00e9e aux communes de Briis-sous-Forges et Forges-les-bains.","breadcrumb":{"@id":"https:\/\/ileauxenfants91.com\/#breadcrumb"},"inLanguage":"fr-FR","potentialAction":[{"@type":"ReadAction","target":["https:\/\/ileauxenfants91.com\/"]}]},{"@type":"BreadcrumbList","@id":"https:\/\/ileauxenfants91.com\/#breadcrumb","itemListElement":[{"@type":"ListItem","position":1,"name":"Accueil","item":"https:\/\/ileauxenfants91.com\/"},{"@type":"ListItem","position":2,"name":"L&rsquo;association"}]},{"@type":"WebSite","@id":"https:\/\/ileauxenfants91.com\/#website","url":"https:\/\/ileauxenfants91.com\/","name":"L&#039;\u00eele aux Enfants","description":"Cr\u00e8che Parentale de Briis-sous-Forges et Forges-les-Bains en Essonne (91)","publisher":{"@id":"https:\/\/ileauxenfants91.com\/#organization"},"potentialAction":[{"@type":"SearchAction","target":{"@type":"EntryPoint","urlTemplate":"https:\/\/ileauxenfants91.com\/?s={search_term_string}"},"query-input":"required name=search_term_string"}],"inLanguage":"fr-FR"},{"@type":"Organization","@id":"https:\/\/ileauxenfants91.com\/#organization","name":"L'\u00eele aux Enfants - Cr\u00e8che parentale","url":"https:\/\/ileauxenfants91.com\/","logo":{"@type":"ImageObject","inLanguage":"fr-FR","@id":"https:\/\/ileauxenfants91.com\/#\/schema\/logo\/image\/","url":"http:\/\/ileauxenfants91.com\/wp-content\/uploads\/2022\/04\/cropped-logo_250x250-1.jpg","contentUrl":"http:\/\/ileauxenfants91.com\/wp-content\/uploads\/2022\/04\/cropped-logo_250x250-1.jpg","width":250,"height":250,"caption":"L'\u00eele aux Enfants - Cr\u00e8che parentale"},"image":{"@id":"https:\/\/ileauxenfants91.com\/#\/schema\/logo\/image\/"}}]}},"_links":{"self":[{"href":"http:\/\/ileauxenfants91.com\/index.php\/wp-json\/wp\/v2\/pages\/23","targetHints":{"allow":["GET"]}}],"collection":[{"href":"http:\/\/ileauxenfants91.com\/index.php\/wp-json\/wp\/v2\/pages"}],"about":[{"href":"http:\/\/ileauxenfants91.com\/index.php\/wp-json\/wp\/v2\/types\/page"}],"author":[{"embeddable":true,"href":"http:\/\/ileauxenfants91.com\/index.php\/wp-json\/wp\/v2\/users\/1"}],"replies":[{"embeddable":true,"href":"http:\/\/ileauxenfants91.com\/index.php\/wp-json\/wp\/v2\/comments?post=23"}],"version-history":[{"count":7,"href":"http:\/\/ileauxenfants91.com\/index.php\/wp-json\/wp\/v2\/pages\/23\/revisions"}],"predecessor-version":[{"id":583,"href":"http:\/\/ileauxenfants91.com\/index.php\/wp-json\/wp\/v2\/pages\/23\/revisions\/583"}],"wp:attachment":[{"href":"http:\/\/ileauxenfants91.com\/index.php\/wp-json\/wp\/v2\/media?parent=23"}],"curies":[{"name":"wp","href":"https:\/\/api.w.org\/{rel}","templated":true}]}}

<!-- This site is optimized with the Yoast SEO plugin v21.2 - https://yoast.com/wordpress/plugins/seo/ -->
<title>L&#039;association - L&#039;île aux Enfants</title>
<meta name="description" content="L&#039;association L&#039;île aux Enfants L&#039;île aux enfants est une crèche parentale située en Essonne (91) dédiée aux communes de Briis-sous-Forges et Forges-les-bains." />
<meta name="robots" content="index, follow, max-snippet:-1, max-image-preview:large, max-video-preview:-1" />
<link rel="canonical" href="https://ileauxenfants91.com/" />
<meta property="og:locale" content="fr_FR" />
<meta property="og:type" content="article" />
<meta property="og:title" content="L&#039;association - L&#039;île aux Enfants" />
<meta property="og:description" content="L&#039;association L&#039;île aux Enfants L&#039;île aux enfants est une crèche parentale située en Essonne (91) dédiée aux communes de Briis-sous-Forges et Forges-les-bains." />
<meta property="og:url" content="https://ileauxenfants91.com/" />
<meta property="og:site_name" content="L&#039;île aux Enfants" />
<meta property="article:modified_time" content="2023-09-27T13:24:03+00:00" />
<meta name="twitter:card" content="summary_large_image" />
<script type="application/ld+json" class="yoast-schema-graph">{"@context":"https://schema.org","@graph":[{"@type":"WebPage","@id":"https://ileauxenfants91.com/","url":"https://ileauxenfants91.com/","name":"L'association - L&#039;île aux Enfants","isPartOf":{"@id":"https://ileauxenfants91.com/#website"},"datePublished":"2022-04-08T14:54:02+00:00","dateModified":"2023-09-27T13:24:03+00:00","description":"L'association L&#039;île aux Enfants L'île aux enfants est une crèche parentale située en Essonne (91) dédiée aux communes de Briis-sous-Forges et Forges-les-bains.","breadcrumb":{"@id":"https://ileauxenfants91.com/#breadcrumb"},"inLanguage":"fr-FR","potentialAction":[{"@type":"ReadAction","target":["https://ileauxenfants91.com/"]}]},{"@type":"BreadcrumbList","@id":"https://ileauxenfants91.com/#breadcrumb","itemListElement":[{"@type":"ListItem","position":1,"name":"Accueil","item":"https://ileauxenfants91.com/"},{"@type":"ListItem","position":2,"name":"L&rsquo;association"}]},{"@type":"WebSite","@id":"https://ileauxenfants91.com/#website","url":"https://ileauxenfants91.com/","name":"L&#039;île aux Enfants","description":"Crèche Parentale de Briis-sous-Forges et Forges-les-Bains en Essonne (91)","publisher":{"@id":"https://ileauxenfants91.com/#organization"},"potentialAction":[{"@type":"SearchAction","target":{"@type":"EntryPoint","urlTemplate":"https://ileauxenfants91.com/?s={search_term_string}"},"query-input":"required name=search_term_string"}],"inLanguage":"fr-FR"},{"@type":"Organization","@id":"https://ileauxenfants91.com/#organization","name":"L'île aux Enfants - Crèche parentale","url":"https://ileauxenfants91.com/","logo":{"@type":"ImageObject","inLanguage":"fr-FR","@id":"https://ileauxenfants91.com/#/schema/logo/image/","url":"http://ileauxenfants91.com/wp-content/uploads/2022/04/cropped-logo_250x250-1.jpg","contentUrl":"http://ileauxenfants91.com/wp-content/uploads/2022/04/cropped-logo_250x250-1.jpg","width":250,"height":250,"caption":"L'île aux Enfants - Crèche parentale"},"image":{"@id":"https://ileauxenfants91.com/#/schema/logo/image/"}}]}</script>
<!-- / Yoast SEO plugin. -->

L'association - L&#039;île aux Enfants

L'association L&#039;île aux Enfants L'île aux enfants est une crèche parentale située en Essonne (91) dédiée aux communes de Briis-sous-Forges et Forges-les-bains.

L&#039;île aux Enfants

Crèche Parentale de Briis-sous-Forges et Forges-les-Bains en Essonne (91)

L'île aux Enfants - Crèche parentale
